t the prime factors of r(6).
2, 7
Suppose -4*g = -8, g = -2*f + 6*g. List the prime factors of f - (1*6)/3.
3
Suppose 0 = 2*s - 6 - 12. List the prime factors of s.
3
Let q be (-5 - -5) + 4*3. Let x = -7 + q. Suppose 101 = 5*h + x*y - 2*y, -h + 3*y = -13. What are the prime factors of h?
19
Suppose 3*k - 4*k = -2. Let f = k + 1. Let a(r) = 5*r - 1. List the prime factors of a(f).
2, 7
Let c = -4 + 5. Let r = c - 1. Let m = r + 4. What are the prime factors of m?
2
Let a be (-4)/14 - (-30)/7. Suppose 110 = 7*j - 2*j. Suppose a*t - 19 = -5*d + 2*t, -j = -2*d + 4*t. What are the prime factors of d?
5
Let a = 229 - 131. What are the prime factors of a?
2, 7
Let y(k) = -9*k. Let i be 3/2 - (-5)/(-2). List the prime factors of y(i).
3
Let x = -12 + 9. What are the prime factors of 13 + x + 0/(-1)?
2, 5
Let i(m) = -11 + m + m + m. What are the prime factors of i(8)?
13
Let a be (-2)/(-9) - 16/(-9). Suppose 3*d = -4*q + 31, -4*q + 10 = a*d - 16. Let v(i) = i + 5. What are the prime factors of v(d)?
2, 5
Let l(b) = -b + 2. Let k be l(0). Let p(c) = k*c - 6*c**2 - 7 + 1 - 3 + c**3. What are the prime factors of p(6)?
3
Let x = -13 + 23. What are the prime factors of x?
2, 5
Let x(w) = w**2 - 2*w - 1. Let s be x(-1). Suppose 0 = -s*q + 7*q - 355. Suppose -5*r - 3*n = -q, 0 = 3*n + 11 - 2. List the prime factors of r.
2
Suppose 3*r - 3*f = 165, 4*f = 4*r + 3*f - 223. Let i = r - 38. What are the prime factors of i?
2, 3
Let k(y) = -y**3 + 2*y**2 + 3*y - 3. Let b be k(2). Suppose b*x - 68 = 34. List the prime factors of x.
2, 17
Suppose 22 - 2 = -5*w. Suppose -2*o = -0*o - 12. Let h = w + o. List the prime factors of h.
2
Suppose 0*y + 11*y - 528 = 0. What are the prime factors of y?
2, 3
Let y be -1 + 2 - (-5 + 0). Let p = y - 6. Suppose -4*n = -p*n - 48. List the prime factors of n.
2, 3
Let u = -13 + 38. List the prime factors of u.
5
Let l be 2 + 6/((-6)/2). List the prime factors of 1*(2 + l)*5.
2, 5
Suppose -57 - 7 = -2*w. What are the prime factors of w?
2
Suppose 23 = 5*b - 72. What are the prime factors of b?
19
Let c(t) = -2*t**3 + 3*t**2 - 4*t - 3. Let a be c(-3). Suppose -15 + a = 5*d. What are the prime factors of d?
3, 5
Let w = 0 - 5. Let r(s) = 2*s**2 + 8*s + 3. What are the prime factors of r(w)?
13
Suppose o = -j + 7 + 269, -4*j + 1102 = 2*o. What are the prime factors of j?
5, 11
Let d(i) = 4*i**2 - 2*i - 8. List the prime factors of d(-4).
2
Let t = 11 + -8. Let a be 0/(6/2) - t. What are the prime factors of (12/(-9))/(2/a)?
2
Suppose -s = -3*c + 16, -5*c = -0*s + 5*s - 20. Suppose 3*v = -3*x + 15, -3*x - 5*v = -2*x - c. List the prime factors of x.
5
Let m = -235 + 420. What are the prime factors of m?
5, 37
Suppose -2*c + 1 = -5*j - 10, -2*c = 4*j - 20. Let z = -12 + c. Let w = z + 8. List the prime factors of w.
2
List the prime factors of -45*(-1 + 2/3).
3, 5
Suppose 0*o - o + 5*l = 17, 16 = 4*l. What are the prime factors of 43/2*(-1 + o)?
43
Suppose 2*n = -5*n + 469. List the prime factors of n.
67
Suppose 5*d + 4*t + 0*t - 144 = 0, -3*d - 5*t = -89. What are the prime factors of d?
2, 7
Let m(u) = -u**3 - 5*u**2 + 2*u + 11. Let r be m(-5). Suppose -b + 13 + r = 0. What are the prime factors of b?
2, 7
Let k(m) = -2*m + 2. Let a be k(-9). Let g = a + -6. List the prime factors of g.
2, 7
Let f = -22 + 21. List the prime factors of (-2)/(-4)*(f + 11).
5
Suppose -34 = -4*u - 3*v + 258, 0 = -4*u + 3*v + 292. List the prime factors of u.
73
Let t = -81 - -114. List the prime factors of 4*t/6*1.
2, 11
Let u(w) = -w + 16. Let z be u(11). Suppose -z*x + 35 = -20. What are the prime factors of x?
11
Let j = -1 + 1. Suppose j = -i + 3 - 15. List the prime factors of 3/i + 90/8.
11
Let t be (-2)/3 + (-5)/(-3). Let y = t + 0. List the prime factors of 11 - ((1 - y) + 1).
2, 5
Let v be ((-27)/12)/(6/(-32)). Suppose -v = -3*d + d. What are the prime factors of 28/d - 2/(-6)?
5
List the prime factors of (195/(-9))/5*-3.
13
Suppose -2*h + h = -40. Suppose 0 = -t + x + 7, 9 = -4*t + 5*x + h. List the prime factors of t.
2
Let j be (-1)/((12/(-15))/4). Suppose 3*p = 0, -j*x + 2*p - 9 = -4. What are the prime factors of 50/(-15)*3/x?
2, 5
Suppose -1 = r + 3. List the prime factors of (r - -42)*1 - 3.
5, 7
Let k = 77 + -44. What are the prime factors of k?
3, 11
Let s = 12 + -35. Let o = 34 + s. What are the prime factors of o?
11
Let w = 12 - 10. Let u = 0 + w. List the prime factors of 0 - (u/(-1) - 10).
2, 3
Let k = 61 + -56. List the prime factors of k.
5
Suppose 4*d - 10 = -d. Suppose -d*f + r = 6*r + 89, 2*f + r = -69. Let x = 46 + f. What are the prime factors of x?
2, 7
Let f = 117 - 13. What are the prime factors of f?
2, 13
Suppose 0 = 7*d - 2*d - 180. Suppose b - d = -a - a, 2*a - b = 36. What are the prime factors of a?
2, 3
Let i = -5 - -11. Let c = i - 3. Suppose c*y - 6*y = -12. List the prime factors of y.
2
Let g(x) = -x**2 - x + 5. Let r be g(0). Let l = 1 + r. What are the prime factors of l?
2, 3
Suppose 22 = -2*x - 2*w, -4*w = -5*x - 1 - 9. Let g be (-6)/10 - x/(-15). List the prime factors of 16*(1/(-2) - g).
2
Let d be (8/1)/((-2)/2). List the prime factors of 1/((-1 + -1)/d).
2
Suppose 721 = 5*l + c, 3*l + 2*c = 8*l - 733. List the prime factors of l.
5, 29
Let s = 16 - 34. What are the prime factors of (1 - 2)/(3/s)?
2, 3
What are the prime factors of 4/(-6) - 80/(-3)?
2, 13
Let q be 3/(-6)*-6 + 30. Suppose -5*h + q = -2*h. List the prime factors of h.
11
Let l(p) = -6*p - 2. Let d be l(-5). List the prime factors of d/5 + 12/30.
2, 3
Suppose -65 = 5*n - 310. List the prime factors of n.
7
Let w be (-2)/7 - (-4)/14. Suppose 2*y = -n - 1, w = y + 4*n + 7 + 11. Suppose -l + y = -4. List the prime factors of l.
2, 3
Let y(f) = -2*f + 2 - 3*f - 2*f + 9*f. What are the prime factors of y(5)?
2, 3
Suppose 4*d = -8, d = 2*b - 56 - 60. List the prime factors of b.
3, 19
Suppose 0*i + 152 = 4*i. Let y = i - 18. What are the prime factors of y?
2, 5
Suppose -2*o + o = -2*d - 346, -4*d + 1420 = 4*o. List the prime factors of o.
2, 11
Suppose 4*l = -2*z - 2, z + 4*l = 5*z - 20. What are the prime factors of z?
3
Let x(d) = d**3 + 4*d**2 - 6*d - 3. Let v be x(-5). Suppose 0 = -3*g + v*g + 5. Suppose -g*y - 13 = -4*s - 2, 6 = 2*s - 2*y. List the prime factors of s.
2
List the prime factors of -1 - 1 - (-19 - 56).
73
Let f(v) = 2*v**2 + 4*v - 11. List the prime factors of f(5).
59
Let s(f) = -4*f**3 + 22*f**2 + 9*f + 13. Let p(r) = 3*r**3 - 15*r**2 - 6*r - 9. Let a(g) = 7*p(g) + 5*s(g). List the prime factors of a(-4).
2, 3
Let v = 8 - -23. What are the prime factors of v?
31
Let x(q) be the second derivative of q**4/12 - 5*q**3/6 + q**2 - q. Let b(j) = j**3 + 6*j**2 - 7*j + 5. Let a be b(-7). List the prime factors of x(a).
2
Let f be -6*-6*(-1)/(-4). Suppose s = -0*s + f. What are the prime factors of s?
3
Let z = -5 - -8. Suppose 0 = -2*o + 5*l, -3*o + l = -2*o. Suppose 3*f - z - 36 = o. What are the prime factors of f?
13
Let v = 29 + -23. List the prime factors of v.
2, 3
Let n(g) = g**2 - 5*g + 4. Let a be n(5). Suppose 0 = 2*b - a*q + 20, -3*b - b + 2*q = 16. Let z(x) = 2*x**2 + 2*x. List the prime factors of z(b).
2
Suppose 3*j - 284 = -4*v, 2*j + 0*v + 2*v = 188. What are the prime factors of j?
2, 23
Let s be 1 + 2 - (-31 - 2). Let g be 3 - -1 - 6/3. Suppose -s = -g*a - 2*a. What are the prime factors of a?
3
Let h be 5/((-15)/6) + 11. Let q(t) = -4 - 5*t**3 + 4*t**3 - 1 + t**2 - 10*t**2 - h*t. What are the prime factors of q(-8)?
3
Let q = 86 + -13. What are the prime factors of q?
73
List the prime factors of (-3 + 2)/(3/(-129)).
43
Let z be (24*1)/3 + -2. Let x = z + -5. Let r = 9 - x. List the prime factors of r.
2
What are the prime factors of (-6891)/(-33) + (-6)/(-33)?
11, 19
Suppose -l - 5 = 0, -3*j = -3*l - 0*l - 21. Suppose -4*z + 10 = -j. Let b = 11 - z. What are the prime factors of b?
2
Let u(b) be the second derivative of -7*b**3/3 + 7*b**2/2 + 11*b. What are the prime factors of u(-3)?
7
Let t be (7/(-3))/((-3)/(-27)). Let q = 9 - t. Suppose 5*h - q = 15. List the prime factors of h.
3
Let y(q) be the second derivative of -q**4/12 - q**3/6 + 3*q**2/2 - q. What are the prime factors of y(0)?
3
Suppose 2*y = -40 + 104. Suppose -4*x + 22 = o, -5*x = 2*o - y + 3. List the prime factors of x.
5
Let i be (-12)/(-9)